ed by t?
34
Suppose -2*s - 1701*w + 1697*w + 240 = 0, 5*s = -5*w + 615. What is the remainder when s is divided by 13 + 1*(-2 + 2)?
9
Suppose -4*r + 138 = -2*x, -4*r = r - 2*x - 172. What is the remainder when r is divided by 10?
4
Suppose 4*p + 2*t + 3*t - 116 = 0, -5*t + 140 = 5*p. Calculate the remainder when 261 is divided by p.
21
Calculate the remainder when 742 is divided by 10/45 - (-3424)/144.
22
Let p = 33 - 26. Suppose 0 = 9*v - p*v - 12. What is the remainder when v is divided by 4?
2
Let r(o) = o**2 - 5*o - 3. Calculate the remainder when 116 is divided by r(-1).
2
Let f(j) = 9*j**2 + j + 10. What is the remainder when f(-1) is divided by 6?
0
Let y = -1 - 3. Let k(q) = -5*q + 1. Let m be k(y). Suppose 4*s = m + 11. Calculate the remainder when 39 is divided by s.
7
Suppose 4*k - 64 = 2*r, 0 = -2*k - r - 0*r + 32. Suppose -24 = -4*q - k. What is the remainder when 8 is divided by q?
0
Calculate the remainder when -2 + (-12)/(-16)*1592/6 is divided by 9.
8
Calculate the remainder when 184 is divided by (4 + -13)/(-3)*9.
22
Let t = 5 - -6. Let b be ((-5)/2)/(6/(-36)). Suppose q + 8*i - 3*i - 6 = 0, 5*i = -b. Calculate the remainder when q is divided by t.
10
Let h be 1*(-6)/3 + -1. Calculate the remainder when 26/10 - (-32)/80 is divided by h*2/(-6) + 0.
0
Let i = 172 + -92. Let h(c) = -c**2 - 23*c - 15. What is the remainder when i is divided by h(-21)?
26
Suppose 449 = 69*o - 241. Calculate the remainder when 75 is divided by o.
5
Let u = -4 + 9. Suppose 4*n = -u*p + 348, -5*n - 3*p = -61 - 387. Suppose -8*s + 348 = -n. What is the remainder when s is divided by 29?
26
Let a(g) be the second derivative of g**3 - 7*g**2 + 0 + 1/6*g**4 + 6*g. Calculate the remainder when a(-7) is divided by 15.
12
Let j = 177 - -37. Suppose 0 = 5*g - 264 - 6. Calculate the remainder when j is divided by g.
52
Suppose 15*a - 140 = a. Suppose -2*b - 5 = -3*b. Calculate the remainder when a is divided by b.
0
Suppose 0 = 3*s + 36*o - 39*o - 4113, o - 5504 = -4*s. What is the remainder when s is divided by 81?
79
Let b(y) = y**2 - 6*y - 8. Let d = 18 + -11. Let n be b(d). Calculate the remainder when 3 - (-150)/(4 + n) is divided by 18.
17
Let t(q) = -181*q - 15. Let c be t(-3). Suppose c + 1502 = 10*b. Calculate the remainder when b is divided by 34.
33
Suppose 5*s + 26 = 181. Let x = s + -9. What is the remainder when x is divided by 6?
4
Suppose 0 = -5*p - 684 + 99. Let o = 133 + p. What is the remainder when 93 is divided by o?
13
Let n(g) = -6*g + 42. Let q be n(8). Calculate the remainder when (-390)/20*4/q is divided by (1*-3 + -1)*-2.
5
Suppose -4 = -4*h, 3*k = -4*h + 9*h + 70. Let o be (130/k)/((-2)/(-20)). Suppose -2*t - o = -3*t. What is the remainder when t is divided by 27?
25
Let h be (-2)/7 + (-52)/14. Let m(a) = -2*a - 4. Let u(f) = f**2 - f - 1. What is the remainder when u(-2) is divided by m(h)?
1
Suppose -69 = -18*u - 5*u. What is the remainder when 97 is divided by u?
1
Let o = 1907 + -1840. What is the remainder when 214 is divided by o?
13
Suppose k - 4*k = -39. Suppose -9*p + 4*p - 385 = 0. Let g = -73 - p. Calculate the remainder when k is divided by g.
1
Suppose 6 = -t + 14. Let f be (18/12)/((-2)/4). What is the remainder when -1 + (f/3 - -32) is divided by t?
6
Let b be (66/3 + -1)/(12/16). Suppose 0 = -4*c + 216 - b. What is the remainder when c is divided by 6?
5
Let i = 0 - -16. Suppose 0 = 5*k - 56 + i. What is the remainder when (-37 - -24)*(0 + -1) is divided by k?
5
Suppose 0*g - 14 = -o - g, 0 = -2*o - 3*g + 27. Let t = -9 - -7. Calculate the remainder when o is divided by ((-9)/t)/((-6)/(-8)).
3
Let t be 9/(13/(-3) + 4). Let a = 50 + t. Calculate the remainder when a is divided by 7.
2
Suppose 4*v - 28 = -8*q, 0 = v - 20 + 21. Suppose 20 - 8 = 3*t. Calculate the remainder when q is divided by t.
0
Let n = 9 - 6. Suppose -l = n*z - 69, 57 = -0*l + l - z. What is the remainder when (0 + 3)/(10/l) is divided by 5?
3
Suppose -9 = 3*w - 72. Suppose -2*t - 4*r + 3*r + 57 = 0, t - w = 2*r. Calculate the remainder when t is divided by 6.
3
Let o = -207 - -308. Calculate the remainder when o is divided by 38.
25
Let h(d) = 6*d**3 + 3*d**2 - 3*d. Let g(w) = 37*w - 1. Let s be g(1). Suppose 0 = -2*n - 8 + s. Calculate the remainder when h(2) is divided by n.
12
Suppose 4*g + 36 = 10*g. What is the remainder when 220 is divided by g?
4
Calculate the remainder when 501 is divided by (9 + -8)*(23 + 1).
21
Let g(r) = r**3 + 9*r**2 - 9*r - 17. Let u be g(-9). Let b = u + -61. What is the remainder when 5 is divided by b?
2
Suppose i = 3*u - 8, 5*i + 0*u - u - 30 = 0. Let o(b) = -b**2 - 10*b - 11. Let a be o(-8). Suppose 2*g - a = 1. Calculate the remainder when i is divided by g.
1
Let u be ((-6)/(-2))/((-3)/34). Let p = 60 + u. Suppose -3*h + 35 = -4*a - 0*a, -h - a + 7 = 0. Calculate the remainder when p is divided by h.
8
Let i be (-2)/(-6) + 13/((-273)/238). Let o = i - -47. What is the remainder when 141 is divided by o?
33
Suppose 3*k - 2*m - 24 = k, 4*k = -m + 43. Let p(o) = o**3 - o - 4. Calculate the remainder when p(3) is divided by k.
9
Calculate the remainder when 102 is divided by 6/(1 + 1 - (-300)/(-165)).
3
Let d = -2 + 5. Let g(o) = o**3 - 7*o**2 - 9*o + 14. Calculate the remainder when g(8) is divided by d.
0
Suppose -4*x + 5*x = -4*n + 1669, -x + 2085 = 5*n. What is the remainder when n is divided by 21?
17
Let z(d) = d + 15. Let g be z(0). Suppose -3*b - g = 3*y - 81, 4*b - 2*y - 70 = 0. Suppose -2*c - 11 = -25. What is the remainder when b is divided by c?
5
Let o(a) be the first derivative of a**3/3 - a**2 - a + 10. Calculate the remainder when 27 is divided by o(5).
13
Suppose 5*f - 220 = f. What is the remainder when 219 is divided by f?
54
Let j = 35 - -14. Suppose -3*t + j + 47 = 0. Calculate the remainder when 63 is divided by t.
31
Calculate the remainder when -5 - ((-477)/15 - (-1)/(-5)) is divided by (-1)/(-1 - (-26)/28).
13
Let a(c) = c**3 + 9*c**2 + 8*c + 9. Suppose 0 = 3*z + z + 40. Let l be (-4 + z/(-3))*12. Calculate the remainder when 23 is divided by a(l).
5
Let g = -376 + 30. Let b be (3 - g) + 2 + -1. What is the remainder when 30 is divided by b/45 + (-4)/(-18)?
6
Let y = -10 + 4. Let i be (0 - -123)*2/y. Let a = -4 - i. Calculate the remainder when a is divided by 8.
5
Let y(u) = -2*u**3 - 2*u**2 + 4*u + 4. Let n be y(-4). What is the remainder when 114/5 - (4 + n/(-20)) is divided by 6?
5
Suppose -4*f = f - 20. Calculate the remainder when (-1 - -2)*f/(8/298) is divided by 30.
29
Suppose -r - 3*g = 2*r - 18, 0 = 2*r - 3*g - 22. Suppose -r*y = -5*y - 123. Let f(d) = d**3 + d**2 + 7. What is the remainder when y is divided by f(0)?
6
Let h = 131 + -12. Let u = 3068 - 3038. Calculate the remainder when h is divided by u.
29
Suppose -3*d = -5*a - 143 - 3, -4*a = 16. Calculate the remainder when 160 is divided by d.
34
Let d(c) = -3*c - 4. Calculate the remainder when 86/(2/1)*(-17 + 18) is divided by d(-9).
20
Let t(r) = -16*r**3 + r**2 + r. Let l be t(-1). Let f = l - 11. Suppose -105 = -f*b + 75. What is the remainder when b is divided by 13?
10
Let d = 879 + -853. What is the remainder when 308 is divided by d?
22
Suppose -5*y + 84 = -11*m + 14*m, 3*m - 54 = -3*y. Calculate the remainder when y is divided by 2.
1
Suppose -5*m + 2*w - 76 = 0, 5*m - m + 53 = -w. Let q(f) = f**3 + 14*f**2 + f + 16. What is the remainder when (-18)/(-4) + 1/(-2) is divided by q(m)?
0
Let l(f) = -f**3 - 32*f**2 + 29*f - 40. Calculate the remainder when 457 is divided by l(-33).
89
Let q = -578 + 620. Let n(h) = -h**2 + 7*h - 1. What is the remainder when q is divided by n(3)?
9
Let u(r) = r**2 - 5*r + 6. Let h be 5/((-140)/8)*-7. Suppose 2*s + 11 + 0 = 3*d, 0 = -h*d + 4*s + 2. Calculate the remainder when 22 is divided by u(d).
4
Suppose -5*s = 5*p - 15, 6*s = 2*s - 2*p + 20. Suppose 2*f - s*f + 91 = 3*t, -t = 5*f - 17. What is the remainder when t is divided by (10/8)/((-6)/(-48))?
7
Let i = -41 + 76. Let r = -821 - -831. What is the remainder when i is divided by r?
5
Suppose 15*u - 324 = 501. Let l be (-4)/22 + (-48)/(-22). Suppose 4*f = 5*g + 36, l*f + 4*g - 86 = -3*f. Calculate the remainder when u is divided by f.
13
Let a = -2 + 17. Suppose 5*k = 100 + a. Suppose 0 = 4*x - 115 + k. Calculate the remaind